{"id":220,"date":"2025-01-04T20:44:15","date_gmt":"2025-01-04T20:44:15","guid":{"rendered":"https:\/\/irecover.mx\/?page_id=220"},"modified":"2025-05-27T16:24:40","modified_gmt":"2025-05-27T16:24:40","slug":"nuestras-soluciones","status":"publish","type":"page","link":"https:\/\/irecover.mx\/index.php\/nuestras-soluciones\/","title":{"rendered":"Nuestras soluciones"},"content":{"rendered":"<p>[et_pb_section fb_built=\u00bb1&#8243; _builder_version=\u00bb4.27.4&#8243; _module_preset=\u00bbdefault\u00bb width=\u00bb100%\u00bb max_width=\u00bb100%\u00bb da_disable_devices=\u00bboff|off|off\u00bb global_colors_info=\u00bb{}\u00bb da_is_popup=\u00bboff\u00bb da_exit_intent=\u00bboff\u00bb da_has_close=\u00bbon\u00bb da_alt_close=\u00bboff\u00bb da_dark_close=\u00bboff\u00bb da_not_modal=\u00bbon\u00bb da_is_singular=\u00bboff\u00bb da_with_loader=\u00bboff\u00bb da_has_shadow=\u00bbon\u00bb][et_pb_row _builder_version=\u00bb4.27.4&#8243; _module_preset=\u00bbdefault\u00bb width=\u00bb100%\u00bb max_width=\u00bb100%\u00bb global_colors_info=\u00bb{}\u00bb][et_pb_column type=\u00bb4_4&#8243; _builder_version=\u00bb4.27.4&#8243; _module_preset=\u00bbdefault\u00bb global_colors_info=\u00bb{}\u00bb][et_pb_blurb title=\u00bbEcha un vistazo\u00bb content_max_width=\u00bb80%\u00bb _builder_version=\u00bb4.27.4&#8243; _module_preset=\u00bbdefault\u00bb header_level=\u00bbh2&#8243; header_font=\u00bbRoboto||||||||\u00bb header_text_color=\u00bb#d7c000&#8243; body_font=\u00bbRoboto|700|||||||\u00bb body_font_size=\u00bb31px\u00bb body_line_height=\u00bb1.2em\u00bb hover_enabled=\u00bb0&#8243; global_colors_info=\u00bb{}\u00bb sticky_enabled=\u00bb0&#8243;]<\/p>\n<p>Nuestras soluciones en gesti\u00f3n de residuos son amplias y de \u00faltima generaci\u00f3n<\/p>\n<p>[\/et_pb_blurb][\/et_pb_column][\/et_pb_row][\/et_pb_section][et_pb_section fb_built=\u00bb1&#8243; _builder_version=\u00bb4.27.4&#8243; _module_preset=\u00bbdefault\u00bb custom_padding=\u00bb2px||2px|||\u00bb hover_enabled=\u00bb0&#8243; da_disable_devices=\u00bboff|off|off\u00bb global_colors_info=\u00bb{}\u00bb sticky_enabled=\u00bb0&#8243; da_is_popup=\u00bboff\u00bb da_exit_intent=\u00bboff\u00bb da_has_close=\u00bbon\u00bb da_alt_close=\u00bboff\u00bb da_dark_close=\u00bboff\u00bb da_not_modal=\u00bbon\u00bb da_is_singular=\u00bboff\u00bb da_with_loader=\u00bboff\u00bb da_has_shadow=\u00bbon\u00bb][et_pb_row column_structure=\u00bb1_2,1_2&#8243; use_custom_gutter=\u00bbon\u00bb gutter_width=\u00bb1&#8243; _builder_version=\u00bb4.27.4&#8243; _module_preset=\u00bbdefault\u00bb width=\u00bb100%\u00bb max_width=\u00bb100%\u00bb custom_margin=\u00bb0px|0px|0px|0px|true|true\u00bb custom_padding=\u00bb0px|0px|0px|0px|false|false\u00bb hover_enabled=\u00bb0&#8243; global_colors_info=\u00bb{}\u00bb sticky_enabled=\u00bb0&#8243;][et_pb_column type=\u00bb1_2&#8243; _builder_version=\u00bb4.27.4&#8243; _module_preset=\u00bbdefault\u00bb background_color=\u00bb#7a7200&#8243; background_image=\u00bbhttps:\/\/irecover.mx\/wp-content\/uploads\/2025\/01\/cable-hoists-titlel.jpg\u00bb background_blend=\u00bbmultiply\u00bb hover_enabled=\u00bb0&#8243; global_colors_info=\u00bb{}\u00bb sticky_enabled=\u00bb0&#8243;][et_pb_blurb title=\u00bbSistemas Roll Off \/ Roll On de Cable\u00bb image=\u00bbhttps:\/\/irecover.mx\/wp-content\/uploads\/2025\/01\/galb.png\u00bb image_icon_width=\u00bb1000%\u00bb image_icon_width_last_edited=\u00bboff|desktop\u00bb _builder_version=\u00bb4.27.4&#8243; _module_preset=\u00bbdefault\u00bb header_level=\u00bbh1&#8243; header_text_align=\u00bbcenter\u00bb header_text_color=\u00bb#FFFFFF\u00bb body_font=\u00bbRoboto||||||||\u00bb body_text_align=\u00bbcenter\u00bb body_text_color=\u00bb#FFFFFF\u00bb body_font_size=\u00bb18px\u00bb custom_padding=\u00bb86px|0px|86px|0px|true|true\u00bb hover_enabled=\u00bb0&#8243; global_colors_info=\u00bb{}\u00bb child_filter_brightness__hover_enabled=\u00bbon|hover\u00bb child_filter_brightness__hover=\u00bb150%\u00bb sticky_enabled=\u00bb0&#8243;]<\/p>\n<p>SIstemas portacontenedores de polipasto o cable, con capacidad de hasta 75,000 libras, utilizados comunmente en las operaciones de gesti\u00f3n de residuos.<\/p>\n<p>[\/et_pb_blurb][\/et_pb_column][et_pb_column type=\u00bb1_2&#8243; _builder_version=\u00bb4.27.4&#8243; _module_preset=\u00bbdefault\u00bb background_color=\u00bbrgba(0,0,10,0.78)\u00bb background_image=\u00bbhttps:\/\/irecover.mx\/wp-content\/uploads\/2025\/01\/HT500-2.webp\u00bb background_blend=\u00bbmultiply\u00bb hover_enabled=\u00bb0&#8243; global_colors_info=\u00bb{}\u00bb sticky_enabled=\u00bb0&#8243;][et_pb_blurb title=\u00bbSistemas Roll Off \/ Roll On de Gancho\u00bb image=\u00bbhttps:\/\/irecover.mx\/wp-content\/uploads\/2025\/01\/galbreath-hooklift-hoist-trucks.png\u00bb image_icon_width=\u00bb1000%\u00bb image_icon_width_last_edited=\u00bboff|desktop\u00bb _builder_version=\u00bb4.27.4&#8243; _module_preset=\u00bbdefault\u00bb header_level=\u00bbh1&#8243; header_text_align=\u00bbcenter\u00bb header_text_color=\u00bb#FFFFFF\u00bb body_font=\u00bbRoboto||||||||\u00bb body_text_align=\u00bbcenter\u00bb body_text_color=\u00bb#FFFFFF\u00bb body_font_size=\u00bb18px\u00bb custom_padding=\u00bb80px|0px|80px|0px|true|true\u00bb global_colors_info=\u00bb{}\u00bb child_filter_brightness__hover_enabled=\u00bbon|hover\u00bb child_filter_brightness__hover=\u00bb150%\u00bb]<\/p>\n<p>Sistemas portacontenedores de gancho o polibrazo, con capacidad de hasta 75,000 libras, utilizados com\u00fanmente en las operaciones de gesti\u00f3n de residuos donde el espacio es reducido.<\/p>\n<p>[\/et_pb_blurb][\/et_pb_column][\/et_pb_row][\/et_pb_section][et_pb_section fb_built=\u00bb1&#8243; _builder_version=\u00bb4.27.4&#8243; _module_preset=\u00bbdefault\u00bb custom_padding=\u00bb17px|||||\u00bb da_disable_devices=\u00bboff|off|off\u00bb global_colors_info=\u00bb{}\u00bb da_is_popup=\u00bboff\u00bb da_exit_intent=\u00bboff\u00bb da_has_close=\u00bbon\u00bb da_alt_close=\u00bboff\u00bb da_dark_close=\u00bboff\u00bb da_not_modal=\u00bbon\u00bb da_is_singular=\u00bboff\u00bb da_with_loader=\u00bboff\u00bb da_has_shadow=\u00bbon\u00bb][et_pb_row _builder_version=\u00bb4.27.4&#8243; _module_preset=\u00bbdefault\u00bb width=\u00bb100%\u00bb max_width=\u00bb100%\u00bb global_colors_info=\u00bb{}\u00bb][et_pb_column type=\u00bb4_4&#8243; _builder_version=\u00bb4.27.4&#8243; _module_preset=\u00bbdefault\u00bb global_colors_info=\u00bb{}\u00bb][et_pb_blurb title=\u00bbManejo de residuos\u00bb content_max_width=\u00bb80%\u00bb _builder_version=\u00bb4.27.4&#8243; _module_preset=\u00bbdefault\u00bb header_level=\u00bbh2&#8243; header_font=\u00bbRoboto||||||||\u00bb header_text_color=\u00bb#d7c000&#8243; body_font=\u00bbRoboto|700|||||||\u00bb body_font_size=\u00bb31px\u00bb body_line_height=\u00bb1.2em\u00bb custom_padding=\u00bb14px||17px|||\u00bb hover_enabled=\u00bb0&#8243; global_colors_info=\u00bb{}\u00bb sticky_enabled=\u00bb0&#8243;]<\/p>\n<p>Contamos con equipo variado para el , transporte, manejo y disposici\u00f3n de SCRAP y Residuos<\/p>\n<p>[\/et_pb_blurb][\/et_pb_column][\/et_pb_row][et_pb_row column_structure=\u00bb1_4,1_4,1_4,1_4&#8243; use_custom_gutter=\u00bbon\u00bb gutter_width=\u00bb1&#8243; _builder_version=\u00bb4.27.4&#8243; _module_preset=\u00bbdefault\u00bb width=\u00bb100%\u00bb max_width=\u00bb100%\u00bb custom_padding=\u00bb0px|||||\u00bb global_colors_info=\u00bb{}\u00bb][et_pb_column type=\u00bb1_4&#8243; _builder_version=\u00bb4.27.4&#8243; _module_preset=\u00bbdefault\u00bb global_colors_info=\u00bb{}\u00bb][et_pb_blurb title=\u00bbTolvas de acero \/ Open Top\u00bb image=\u00bbhttps:\/\/irecover.mx\/wp-content\/uploads\/2025\/01\/tolva30.jpg\u00bb image_icon_width=\u00bb1000%\u00bb image_icon_width_last_edited=\u00bboff|desktop\u00bb _builder_version=\u00bb4.27.4&#8243; _module_preset=\u00bbdefault\u00bb header_text_align=\u00bbcenter\u00bb header_text_color=\u00bb#000000&#8243; body_font=\u00bbRoboto||||||||\u00bb body_text_align=\u00bbcenter\u00bb body_text_color=\u00bb#998900&#8243; body_font_size=\u00bb13px\u00bb custom_padding=\u00bb0px|0px|0px|0px|true|true\u00bb hover_enabled=\u00bb0&#8243; global_colors_info=\u00bb{}\u00bb child_filter_brightness__hover_enabled=\u00bbon|hover\u00bb child_filter_brightness__hover=\u00bb150%\u00bb sticky_enabled=\u00bb0&#8243;]<\/p>\n<p><em>Tolvas ideales para el manejo y transporte de residuos industriales y materiales a granel. Construidas con acero resistente, ofrecen durabilidad y facilidad para la carga y descarga, mejorando la eficiencia operativa. Disponibles en diversas capacidades y personalizables.<\/em><\/p>\n<p>[\/et_pb_blurb][\/et_pb_column][et_pb_column type=\u00bb1_4&#8243; _builder_version=\u00bb4.27.4&#8243; _module_preset=\u00bbdefault\u00bb global_colors_info=\u00bb{}\u00bb][et_pb_blurb title=\u00bbPlanas \/ Flat Bed\u00bb image=\u00bbhttps:\/\/irecover.mx\/wp-content\/uploads\/2025\/01\/3233425c-0956-44fc-b578-3a3ef5714a51.jpg\u00bb image_icon_width=\u00bb1000%\u00bb image_icon_width_last_edited=\u00bboff|desktop\u00bb _builder_version=\u00bb4.27.4&#8243; _module_preset=\u00bbdefault\u00bb header_text_align=\u00bbcenter\u00bb header_text_color=\u00bb#000000&#8243; body_font=\u00bbRoboto||||||||\u00bb body_text_align=\u00bbcenter\u00bb body_text_color=\u00bb#000000&#8243; body_font_size=\u00bb13px\u00bb custom_padding=\u00bb0px|0px|0px|0px|true|true\u00bb hover_enabled=\u00bb0&#8243; global_colors_info=\u00bb{}\u00bb child_filter_brightness__hover_enabled=\u00bbon|hover\u00bb child_filter_brightness__hover=\u00bb150%\u00bb sticky_enabled=\u00bb0&#8243;]<\/p>\n<p>Plataformas dise\u00f1adas para el transporte seguro de carga pesada y volum\u00e9trica. Fabricadas con acero de alta resistencia, permiten una carga y descarga r\u00e1pida. Ideales para maquinaria, materiales y equipo, con opciones de personalizaci\u00f3n seg\u00fan tus necesidades.<\/p>\n<p>[\/et_pb_blurb][\/et_pb_column][et_pb_column type=\u00bb1_4&#8243; _builder_version=\u00bb4.27.4&#8243; _module_preset=\u00bbdefault\u00bb global_colors_info=\u00bb{}\u00bb][et_pb_blurb title=\u00bbTolvas auto vaciables \/ Skid\u00bb image=\u00bbhttps:\/\/irecover.mx\/wp-content\/uploads\/2025\/01\/f4dd9311-f70f-40b0-be19-5622db58bd2e.jpg\u00bb image_icon_width=\u00bb1000%\u00bb image_icon_width_last_edited=\u00bboff|desktop\u00bb _builder_version=\u00bb4.27.4&#8243; _module_preset=\u00bbdefault\u00bb header_text_align=\u00bbcenter\u00bb header_text_color=\u00bb#000000&#8243; body_font=\u00bbRoboto||||||||\u00bb body_text_align=\u00bbcenter\u00bb body_text_color=\u00bb#998900&#8243; body_font_size=\u00bb13px\u00bb custom_padding=\u00bb0px|0px|0px|0px|true|true\u00bb hover_enabled=\u00bb0&#8243; global_colors_info=\u00bb{}\u00bb child_filter_brightness__hover_enabled=\u00bbon|hover\u00bb child_filter_brightness__hover=\u00bb150%\u00bb sticky_enabled=\u00bb0&#8243;]<\/p>\n<p>Tolvas pr\u00e1cticas para el manejo de materiales y residuos. Su sistema de vaciado autom\u00e1tico reduce tiempos y esfuerzo. Construidas en acero resistente, son ideales para rebaba met\u00e1lica y materiales a granel, con opciones personalizables.<\/p>\n<p>[\/et_pb_blurb][\/et_pb_column][et_pb_column type=\u00bb1_4&#8243; _builder_version=\u00bb4.27.4&#8243; _module_preset=\u00bbdefault\u00bb global_colors_info=\u00bb{}\u00bb][et_pb_blurb title=\u00bbTolva chatarrera\u00bb image=\u00bbhttps:\/\/irecover.mx\/wp-content\/uploads\/2025\/01\/b2992fce-6686-4a7b-9a11-f796f95c6925.jpg\u00bb image_icon_width=\u00bb1000%\u00bb image_icon_width_last_edited=\u00bboff|desktop\u00bb _builder_version=\u00bb4.27.4&#8243; _module_preset=\u00bbdefault\u00bb header_text_align=\u00bbcenter\u00bb header_text_color=\u00bb#000000&#8243; body_font=\u00bbRoboto||||||||\u00bb body_text_align=\u00bbcenter\u00bb body_text_color=\u00bb#000000&#8243; body_font_size=\u00bb13px\u00bb custom_padding=\u00bb0px|0px|0px|0px|true|true\u00bb hover_enabled=\u00bb0&#8243; global_colors_info=\u00bb{}\u00bb child_filter_brightness__hover_enabled=\u00bbon|hover\u00bb child_filter_brightness__hover=\u00bb150%\u00bb sticky_enabled=\u00bb0&#8243;]<\/p>\n<p>Tolvas dise\u00f1adas para transportar chatarra met\u00e1lica de forma eficiente. Su construcci\u00f3n en acero reforzado soporta condiciones severas y garantiza durabilidad. Perfectas para materiales pesados, con opciones en diversas capacidades.<\/p>\n<p>[\/et_pb_blurb][\/et_pb_column][\/et_pb_row][\/et_pb_section][et_pb_section fb_built=\u00bb1&#8243; _builder_version=\u00bb4.27.4&#8243; _module_preset=\u00bbdefault\u00bb custom_padding=\u00bb0px|0px|0px|0px|true|true\u00bb da_disable_devices=\u00bboff|off|off\u00bb global_colors_info=\u00bb{}\u00bb da_is_popup=\u00bboff\u00bb da_exit_intent=\u00bboff\u00bb da_has_close=\u00bbon\u00bb da_alt_close=\u00bboff\u00bb da_dark_close=\u00bboff\u00bb da_not_modal=\u00bbon\u00bb da_is_singular=\u00bboff\u00bb da_with_loader=\u00bboff\u00bb da_has_shadow=\u00bbon\u00bb][et_pb_row column_structure=\u00bb1_4,1_2,1_4&#8243; use_custom_gutter=\u00bbon\u00bb gutter_width=\u00bb1&#8243; make_equal=\u00bbon\u00bb _builder_version=\u00bb4.27.4&#8243; _module_preset=\u00bbdefault\u00bb background_enable_color=\u00bboff\u00bb width=\u00bb100%\u00bb max_width=\u00bb100%\u00bb custom_padding=\u00bb8px|0px|0px|0px|false|true\u00bb hover_enabled=\u00bb0&#8243; global_colors_info=\u00bb{}\u00bb sticky_enabled=\u00bb0&#8243;][et_pb_column type=\u00bb1_4&#8243; _builder_version=\u00bb4.27.4&#8243; _module_preset=\u00bbdefault\u00bb background_color=\u00bb#7a7200&#8243; background_image=\u00bbhttps:\/\/irecover.mx\/wp-content\/uploads\/2025\/01\/IMG-20241125-WA0080.jpg\u00bb background_blend=\u00bbmultiply\u00bb hover_enabled=\u00bb0&#8243; global_colors_info=\u00bb{}\u00bb background__hover_enabled=\u00bbon|hover\u00bb background_color__hover=\u00bbrgba(22,73,255,0.51)\u00bb background_enable_color__hover=\u00bbon\u00bb sticky_enabled=\u00bb0&#8243;][et_pb_blurb title=\u00bbGr\u00faa Titan\u00bb content_max_width=\u00bb100%\u00bb _builder_version=\u00bb4.27.4&#8243; _module_preset=\u00bbdefault\u00bb header_level=\u00bbh1&#8243; header_text_color=\u00bb#FFFFFF\u00bb body_font=\u00bbRoboto||||||||\u00bb body_text_color=\u00bb#FFFFFF\u00bb width=\u00bb100%\u00bb max_width=\u00bb100%\u00bb custom_padding=\u00bb460px|15px||15px|false|true\u00bb body_text_shadow_style=\u00bbpreset2&#8243; body_text_shadow_horizontal_length=\u00bb0.59em\u00bb body_text_shadow_vertical_length=\u00bb0.15em\u00bb body_text_shadow_blur_strength=\u00bb0.92em\u00bb body_text_shadow_color=\u00bb#000000&#8243; global_colors_info=\u00bb{}\u00bb]<\/p>\n<p style=\"text-align: center;\">La gr\u00faa Titan es la soluci\u00f3n ideal para operaciones de desmantelamiento y gesti\u00f3n de residuos. Dise\u00f1ada para manejar materiales pesados y voluminosos, facilita el levantamiento y traslado eficiente de piezas en desuso, estructuras y chatarra. Su versatilidad y robustez la convierten en una herramienta clave para industrias de reciclaje, demolici\u00f3n y manejo de residuos s\u00f3lidos, optimizando tiempos y recursos en cada operaci\u00f3n.<\/p>\n<p>[\/et_pb_blurb][\/et_pb_column][et_pb_column type=\u00bb1_2&#8243; _builder_version=\u00bb4.27.4&#8243; _module_preset=\u00bbdefault\u00bb background_image=\u00bbhttps:\/\/irecover.mx\/wp-content\/uploads\/2025\/01\/4262aa26-684d-4dbc-829a-ef089b1a5425.jpg\u00bb global_colors_info=\u00bb{}\u00bb][et_pb_blurb title=\u00bbGr\u00faa Chatarrera\u00bb content_max_width=\u00bb100%\u00bb _builder_version=\u00bb4.27.4&#8243; _module_preset=\u00bbdefault\u00bb header_level=\u00bbh1&#8243; header_text_color=\u00bb#FFFFFF\u00bb body_font=\u00bbRoboto||||||||\u00bb body_text_color=\u00bb#FFFFFF\u00bb body_font_size=\u00bb18px\u00bb width=\u00bb100%\u00bb max_width=\u00bb100%\u00bb custom_padding=\u00bb548px|22px||22px|false|true\u00bb header_text_shadow_style=\u00bbpreset1&#8243; header_text_shadow_color=\u00bb#000000&#8243; body_text_shadow_style=\u00bbpreset2&#8243; body_text_shadow_color=\u00bb#000000&#8243; global_colors_info=\u00bb{}\u00bb header_font_size__hover_enabled=\u00bbon|hover\u00bb header_font_size__hover=\u00bb49px\u00bb]<\/p>\n<p>Dise\u00f1ada espec\u00edficamente para el manejo eficiente de chatarra met\u00e1lica, la gr\u00faa chatarrera ofrece potencia, precisi\u00f3n y resistencia. Ideal para operaciones de carga, descarga y clasificaci\u00f3n en centros de reciclaje y desmantelamiento, su dise\u00f1o robusto permite levantar materiales pesados y voluminosos con facilidad. Una herramienta esencial para optimizar procesos en la gesti\u00f3n de residuos y reciclaje industrial.<\/p>\n<p>[\/et_pb_blurb][\/et_pb_column][et_pb_column type=\u00bb1_4&#8243; _builder_version=\u00bb4.27.4&#8243; _module_preset=\u00bbdefault\u00bb background_color=\u00bbrgba(0,1,10,0.65)\u00bb background_image=\u00bbhttps:\/\/irecover.mx\/wp-content\/uploads\/2025\/01\/cat-scaled.jpg\u00bb background_blend=\u00bbmultiply\u00bb hover_enabled=\u00bb0&#8243; global_colors_info=\u00bb{}\u00bb background__hover_enabled=\u00bbon|hover\u00bb background_color__hover=\u00bbrgba(2,124,18,0.59)\u00bb background_enable_color__hover=\u00bbon\u00bb sticky_enabled=\u00bb0&#8243;][et_pb_blurb title=\u00bbMontacargas\u00bb content_max_width=\u00bb100%\u00bb _builder_version=\u00bb4.27.4&#8243; _module_preset=\u00bbdefault\u00bb header_level=\u00bbh1&#8243; header_text_color=\u00bb#FFFFFF\u00bb body_font=\u00bbRoboto||||||||\u00bb body_text_color=\u00bb#FFFFFF\u00bb width=\u00bb100%\u00bb max_width=\u00bb100%\u00bb custom_padding=\u00bb460px|15px||15px|false|true\u00bb body_text_shadow_style=\u00bbpreset2&#8243; body_text_shadow_horizontal_length=\u00bb0.59em\u00bb body_text_shadow_vertical_length=\u00bb0.15em\u00bb body_text_shadow_blur_strength=\u00bb0.92em\u00bb body_text_shadow_color=\u00bb#000000&#8243; global_colors_info=\u00bb{}\u00bb]<\/p>\n<p style=\"text-align: center;\">La gr\u00faa Titan es la soluci\u00f3n ideal para operaciones de desmantelamiento y gesti\u00f3n de residuos. Dise\u00f1ada para manejar materiales pesados y voluminosos, facilita el levantamiento y traslado eficiente de piezas en desuso, estructuras y chatarra. Su versatilidad y robustez la convierten en una herramienta clave para industrias de reciclaje, demolici\u00f3n y manejo de residuos s\u00f3lidos, optimizando tiempos y recursos en cada operaci\u00f3n.<\/p>\n<p>[\/et_pb_blurb][\/et_pb_column][\/et_pb_row][\/et_pb_section]<\/p>\n","protected":false},"excerpt":{"rendered":"<p>Nuestras soluciones en gesti\u00f3n de residuos son amplias y de \u00faltima generaci\u00f3nSIstemas portacontenedores de polipasto o cable, con capacidad de hasta 75,000 libras, utilizados comunmente en las operaciones de gesti\u00f3n de residuos.Sistemas portacontenedores de gancho o polibrazo, con capacidad de hasta 75,000 libras, utilizados com\u00fanmente en las operaciones de gesti\u00f3n de residuos donde el espacio [&hellip;]<\/p>\n","protected":false},"author":1,"featured_media":0,"parent":0,"menu_order":0,"comment_status":"closed","ping_status":"closed","template":"","meta":{"_et_pb_use_builder":"on","_et_pb_old_content":"<!-- wp:divi\/placeholder \/-->","_et_gb_content_width":"","om_disable_all_campaigns":false,"footnotes":""},"class_list":["post-220","page","type-page","status-publish","hentry"],"yoast_head":"<!-- This site is optimized with the Yoast SEO plugin v27.4 - https:\/\/yoast.com\/product\/yoast-seo-wordpress\/ -->\n<title>Nuestras soluciones - INDUSTRIAL RECOVERY SOLUTIONS | Equipo para manejo de residuos<\/title>\n<meta name=\"description\" content=\"Equipamiento especial para el manejo de residuos industriales, Transporte de SCRAP industrial, y almacenamiento en sitio en contenedores.\" \/>\n<meta name=\"robots\" content=\"index, follow, max-snippet:-1, max-image-preview:large, max-video-preview:-1\" \/>\n<link rel=\"canonical\" href=\"https:\/\/irecover.mx\/index.php\/nuestras-soluciones\/\" \/>\n<meta property=\"og:locale\" content=\"es_ES\" \/>\n<meta property=\"og:type\" content=\"article\" \/>\n<meta property=\"og:title\" content=\"Nuestras soluciones - INDUSTRIAL RECOVERY SOLUTIONS | Equipo para manejo de residuos\" \/>\n<meta property=\"og:description\" content=\"Equipamiento especial para el manejo de residuos industriales, Transporte de SCRAP industrial, y almacenamiento en sitio en contenedores.\" \/>\n<meta property=\"og:url\" content=\"https:\/\/irecover.mx\/index.php\/nuestras-soluciones\/\" \/>\n<meta property=\"og:site_name\" content=\"INDUSTRIAL RECOVERY SOLUTIONS\" \/>\n<meta property=\"article:modified_time\" content=\"2025-05-27T16:24:40+00:00\" \/>\n<meta name=\"twitter:card\" content=\"summary_large_image\" \/>\n<meta name=\"twitter:label1\" content=\"Tiempo de lectura\" \/>\n\t<meta name=\"twitter:data1\" content=\"4 minutos\" \/>\n<script type=\"application\/ld+json\" class=\"yoast-schema-graph\">{\"@context\":\"https:\\\/\\\/schema.org\",\"@graph\":[{\"@type\":\"WebPage\",\"@id\":\"https:\\\/\\\/irecover.mx\\\/index.php\\\/nuestras-soluciones\\\/\",\"url\":\"https:\\\/\\\/irecover.mx\\\/index.php\\\/nuestras-soluciones\\\/\",\"name\":\"Nuestras soluciones - INDUSTRIAL RECOVERY SOLUTIONS | Equipo para manejo de residuos\",\"isPartOf\":{\"@id\":\"https:\\\/\\\/irecover.mx\\\/#website\"},\"datePublished\":\"2025-01-04T20:44:15+00:00\",\"dateModified\":\"2025-05-27T16:24:40+00:00\",\"description\":\"Equipamiento especial para el manejo de residuos industriales, Transporte de SCRAP industrial, y almacenamiento en sitio en contenedores.\",\"breadcrumb\":{\"@id\":\"https:\\\/\\\/irecover.mx\\\/index.php\\\/nuestras-soluciones\\\/#breadcrumb\"},\"inLanguage\":\"es\",\"potentialAction\":[{\"@type\":\"ReadAction\",\"target\":[\"https:\\\/\\\/irecover.mx\\\/index.php\\\/nuestras-soluciones\\\/\"]}]},{\"@type\":\"BreadcrumbList\",\"@id\":\"https:\\\/\\\/irecover.mx\\\/index.php\\\/nuestras-soluciones\\\/#breadcrumb\",\"itemListElement\":[{\"@type\":\"ListItem\",\"position\":1,\"name\":\"Portada\",\"item\":\"https:\\\/\\\/irecover.mx\\\/\"},{\"@type\":\"ListItem\",\"position\":2,\"name\":\"Nuestras soluciones\"}]},{\"@type\":\"WebSite\",\"@id\":\"https:\\\/\\\/irecover.mx\\\/#website\",\"url\":\"https:\\\/\\\/irecover.mx\\\/\",\"name\":\"ROLL OFF SERVICE | GESTION INTEGRAL DE RESIDUOS Y CONTROL DE SCRAP\",\"description\":\"Recolecciones de Scrap industrial, chatarra y metales.\",\"potentialAction\":[{\"@type\":\"SearchAction\",\"target\":{\"@type\":\"EntryPoint\",\"urlTemplate\":\"https:\\\/\\\/irecover.mx\\\/?s={search_term_string}\"},\"query-input\":{\"@type\":\"PropertyValueSpecification\",\"valueRequired\":true,\"valueName\":\"search_term_string\"}}],\"inLanguage\":\"es\"}]}<\/script>\n<!-- \/ Yoast SEO plugin. -->","yoast_head_json":{"title":"Nuestras soluciones - INDUSTRIAL RECOVERY SOLUTIONS | Equipo para manejo de residuos","description":"Equipamiento especial para el manejo de residuos industriales, Transporte de SCRAP industrial, y almacenamiento en sitio en contenedores.","robots":{"index":"index","follow":"follow","max-snippet":"max-snippet:-1","max-image-preview":"max-image-preview:large","max-video-preview":"max-video-preview:-1"},"canonical":"https:\/\/irecover.mx\/index.php\/nuestras-soluciones\/","og_locale":"es_ES","og_type":"article","og_title":"Nuestras soluciones - INDUSTRIAL RECOVERY SOLUTIONS | Equipo para manejo de residuos","og_description":"Equipamiento especial para el manejo de residuos industriales, Transporte de SCRAP industrial, y almacenamiento en sitio en contenedores.","og_url":"https:\/\/irecover.mx\/index.php\/nuestras-soluciones\/","og_site_name":"INDUSTRIAL RECOVERY SOLUTIONS","article_modified_time":"2025-05-27T16:24:40+00:00","twitter_card":"summary_large_image","twitter_misc":{"Tiempo de lectura":"4 minutos"},"schema":{"@context":"https:\/\/schema.org","@graph":[{"@type":"WebPage","@id":"https:\/\/irecover.mx\/index.php\/nuestras-soluciones\/","url":"https:\/\/irecover.mx\/index.php\/nuestras-soluciones\/","name":"Nuestras soluciones - INDUSTRIAL RECOVERY SOLUTIONS | Equipo para manejo de residuos","isPartOf":{"@id":"https:\/\/irecover.mx\/#website"},"datePublished":"2025-01-04T20:44:15+00:00","dateModified":"2025-05-27T16:24:40+00:00","description":"Equipamiento especial para el manejo de residuos industriales, Transporte de SCRAP industrial, y almacenamiento en sitio en contenedores.","breadcrumb":{"@id":"https:\/\/irecover.mx\/index.php\/nuestras-soluciones\/#breadcrumb"},"inLanguage":"es","potentialAction":[{"@type":"ReadAction","target":["https:\/\/irecover.mx\/index.php\/nuestras-soluciones\/"]}]},{"@type":"BreadcrumbList","@id":"https:\/\/irecover.mx\/index.php\/nuestras-soluciones\/#breadcrumb","itemListElement":[{"@type":"ListItem","position":1,"name":"Portada","item":"https:\/\/irecover.mx\/"},{"@type":"ListItem","position":2,"name":"Nuestras soluciones"}]},{"@type":"WebSite","@id":"https:\/\/irecover.mx\/#website","url":"https:\/\/irecover.mx\/","name":"ROLL OFF SERVICE | GESTION INTEGRAL DE RESIDUOS Y CONTROL DE SCRAP","description":"Recolecciones de Scrap industrial, chatarra y metales.","potentialAction":[{"@type":"SearchAction","target":{"@type":"EntryPoint","urlTemplate":"https:\/\/irecover.mx\/?s={search_term_string}"},"query-input":{"@type":"PropertyValueSpecification","valueRequired":true,"valueName":"search_term_string"}}],"inLanguage":"es"}]}},"_links":{"self":[{"href":"https:\/\/irecover.mx\/index.php\/wp-json\/wp\/v2\/pages\/220","targetHints":{"allow":["GET"]}}],"collection":[{"href":"https:\/\/irecover.mx\/index.php\/wp-json\/wp\/v2\/pages"}],"about":[{"href":"https:\/\/irecover.mx\/index.php\/wp-json\/wp\/v2\/types\/page"}],"author":[{"embeddable":true,"href":"https:\/\/irecover.mx\/index.php\/wp-json\/wp\/v2\/users\/1"}],"replies":[{"embeddable":true,"href":"https:\/\/irecover.mx\/index.php\/wp-json\/wp\/v2\/comments?post=220"}],"version-history":[{"count":23,"href":"https:\/\/irecover.mx\/index.php\/wp-json\/wp\/v2\/pages\/220\/revisions"}],"predecessor-version":[{"id":556,"href":"https:\/\/irecover.mx\/index.php\/wp-json\/wp\/v2\/pages\/220\/revisions\/556"}],"wp:attachment":[{"href":"https:\/\/irecover.mx\/index.php\/wp-json\/wp\/v2\/media?parent=220"}],"curies":[{"name":"wp","href":"https:\/\/api.w.org\/{rel}","templated":true}]}}